 + 2*j, x*l + 12 + 18 = 5*j. Let o be (-6 - -102) + (l - 3). What is the greatest common divisor of o and 13?
13
Let z = -1430 - -4415. What is the greatest common divisor of 45 and z?
15
Let m(h) = 14*h**3 + 4*h**2 - h - 3. Let y = 228 + -227. Let v be m(y). Let s = -2 + 4. What is the greatest common divisor of v and s?
2
Let o = 32646 + 33940. Calculate the greatest common divisor of o and 338.
338
Suppose -16*p + 14942 = 15*p. Suppose -10*d = p - 14882. Calculate the greatest common factor of d and 90.
90
Let i be -2 - (-1 - -17 - -3)/(-1). Let g = -392 + 698. Calculate the highest common factor of g and i.
17
Let q = 639 + -1486. Let m = -691 - q. What is the greatest common divisor of 60 and m?
12
Let k(n) = n**3 - 21*n**2 + 18*n + 57. Let t be 2970/132 + (-10)/4. Let r be k(t). Suppose 3*u + u - 68 = 0. What is the highest common divisor of r and u?
17
Suppose 0 = -0*a - 5*a + 15, -4*m - 3*a - 55 = 0. Let b(w) = 4*w + 66. Let g be b(m). Calculate the greatest common factor of 10 and g.
2
Suppose -4*l = 5*p - 187, -3*p + 5*p - 4*l = 86. Let f = 45 - p. Let k be ((-6)/(-9))/(f/216). Calculate the greatest common divisor of k and 60.
12
Suppose 0 = -90*v + 185*v - 93*v. Suppose 4*f + 4*m = 112, v = 5*m - 4*m. Calculate the greatest common factor of 14 and f.
14
Let h be 35/7 - (-4 - 0) - (-3 - -2). Calculate the highest common factor of h and 1090.
10
Suppose -69 = -3*i + f, i - 18*f + 16*f = 28. Suppose 51282 = 55*r - i*r. Calculate the greatest common divisor of 42 and r.
42
Suppose 22*k = 40*k - 56*k + 6080. Calculate the highest common factor of k and 3296.
32
Let h = -357 - -371. Let w be ((-26)/h - -3)*28. Let k = -141 - -221. Calculate the greatest common factor of k and w.
16
Let r(g) = g**3 + 29*g**2 + 166*g + 27. Let d be r(-21). What is the greatest common divisor of d and 1334?
23
Suppose 3*r - 784 = 296. Suppose -24*m + 22*m = -r. Suppose m = 6*n + 4*n. Calculate the greatest common factor of n and 162.
18
Suppose 3*k - 80 = -8. Let g be 5 + (2/5)/((-14)/(-70)). Suppose -3*a + 11 = -g. What is the greatest common factor of a and k?
6
Let g(k) = -k**2 - 25*k + 93. Let f be g(-28). Let d = 10 - 10. Suppose d = -a + 6*a - 15. Calculate the highest common factor of f and a.
3
Let s be (112/280)/(2/360). Suppose 206*v + s = 212*v. What is the highest common divisor of v and 68?
4
Suppose -2 - 4 = -3*n. Suppose -n*l + 37 = 3*l + 2*t, 5*t = 3*l - 16. Suppose 0 = l*d - 117 + 33. What is the greatest common divisor of 60 and d?
12
Let n(g) = -8*g - 69. Suppose -2*m + 7*m + 45 = 0. Let b be n(m). Let u be 2/9 - 21/(-27). What is the greatest common divisor of u and b?
1
Let m(y) = -y + 70 - y**3 - 41 - 7*y - 4*y**2 - 38. Let f be m(-5). Let u = -89 - -96. Calculate the greatest common divisor of f and u.
7
Let q(p) = 10*p**2 - 5*p - 3. Let h = -128 - -125. Let b be q(h). What is the greatest common divisor of b and 153?
51
Suppose -11*u + 457 = -852. Suppose -7*r + 3*r + 2*q + 94 = 0, -q = -5*r + u. Calculate the highest common factor of 6 and r.
6
Suppose -2*o + n = 4*n - 7, -3*o - 5*n + 11 = 0. Let r be (4/1)/(12/54) + o. Let c = r - -10. What is the highest common factor of c and 270?
30
Suppose -z - 1 = -6. Suppose -3*u + 4*u - z = -2*l, 0 = 2*l + 4*u - 14. Let o be l/(-3) + 603/27. Calculate the greatest common divisor of o and 55.
11
Let v be -4*(-1 + 2 + -7). Let s(c) = 17*c + 22. Let q be s(8). Suppose -2*j - 6 = -5*t + q, 5*t + 2*j = 156. Calculate the highest common divisor of t and v.
8
Let j(y) = -19*y**2 + 4. Let t = -3 + 1. Let b be j(t). Let n be b/(-9) + 2/(-2). Calculate the greatest common divisor of n and 7.
7
Suppose 426 + 79 = k. Calculate the greatest common factor of k and 2.
1
Let j be ((-22)/((-1760)/(-4100)))/(1/(-4)). What is the greatest common factor of 287 and j?
41
Let r(s) = 960*s + 3193. Let w be r(25). Calculate the greatest common divisor of 71 and w.
71
Let t be ((-3)/6)/(2/(-64)). Suppose 191*c - 194*c = 54. Let p be 18 + c/(-9)*-1. Calculate the highest common factor of t and p.
16
Let x be (-18)/(-2) + 91 + 81. What is the greatest common divisor of 8869 and x?
181
Let z be (44/(-55))/((-6)/15). Suppose -1187 = -z*r - 29*a + 26*a, -4*a = r - 596. Calculate the greatest common divisor of r and 16.
16
Let w = -20 - -287. Suppose -9*m = 4*m + 48*m + 8*m. Suppose m = 6*h - 453 - w. Calculate the greatest common factor of 15 and h.
15
Suppose x + 3*x = -3*b + 121, b - 3*x = 49. Let n = b - 44. Let j be (9 + n - (-1 + 2)) + 3. Calculate the greatest common factor of 15 and j.
5
Let p be 11 - ((3 - 4) + -27). Let u be ((-4)/8)/(1/(-196)). Suppose u = -3*f + 332. Calculate the highest common factor of p and f.
39
Let h be ((-140)/55)/(72/(-1980)). Suppose 2*b + 92 = 2*p, b = -2*p - 3*p + 206. Calculate the highest common factor of h and p.
14
Let y(o) = -64*o**3 + o**2 - 6*o. Let r be y(-2). What is the greatest common divisor of 816 and r?
48
Let u be (91 - 33) + (-48)/6. What is the highest common factor of u and 5000?
50
Suppose v - 9 = -3*l, 3*l - 3 - 3 = -2*v. Suppose -2*k - 8 = -l*k - d, -4*d + 4 = k. Suppose x - 17 + k = 0. What is the greatest common factor of 91 and x?
13
Suppose -4*i + 1235 + 1570 = 7*i. Calculate the highest common factor of i and 901.
17
Suppose -10 = 2*m - 14. Suppose -388 = -a + 3*t, 760 = 3*a - a - m*t. Calculate the greatest common divisor of 47 and a.
47
Let f = -10550 + 13378. Calculate the highest common factor of 28 and f.
28
Let p = 4718 - 4385. Calculate the highest common factor of p and 3219.
111
Let n = -4160 + 4335. Calculate the highest common divisor of 105 and n.
35
Let s(v) = 26*v + 3383. Let m be s(-125). What is the highest common divisor of 490 and m?
7
Suppose -27*c + 25*c = 4. Let v be (-132)/c*(-3)/(-6). What is the greatest common divisor of v and 55?
11
Suppose -9 = -15*w - 84. Let p be 156/30 - (-1)/w - -60. What is the highest common factor of p and 325?
65
Let n be -16 + (5 + -1777)*-2. What is the highest common factor of n and 342?
18
Let w = -29 + 63. Suppose -5*u - 3*k = -752, -3*k = 4*u - 2*k - 603. Let p = u - 66. Calculate the highest common factor of w and p.
17
Suppose -960 = -2*f + 2*i, 41 - 61 = -5*i. What is the greatest common factor of f and 55?
11
Let m(a) = 26*a - 3. Let r be m(-2). Let w = -34 - r. Calculate the highest common divisor of w and 168.
21
Let k = -6 + 6. Suppose k = -5*h + 131 + 19. Suppose 644*c = 650*c - 180. What is the greatest common divisor of h and c?
30
Suppose -13352 - 8068 = -70*f. Calculate the highest common factor of 810 and f.
18
Suppose -41*z = -50*z + 648. Suppose 1185*q - 1194*q = -z. Calculate the greatest common divisor of q and 26.
2
Let u = 936 - 919. Suppose 5*g = 22 + 3, -5*w = 5*g - 2800. Suppose 0 = -4*r + 2*m + 740, 3*m + w - 193 = 2*r. What is the greatest common factor of r and u?
17
Suppose 34*y = 39*y + 235. Let s be (2 - -1 - 1) + (-423)/y. What is the greatest common divisor of 1397 and s?
11
Suppose 3*c = u + 8303, -3*c + 4293 + 4006 = -2*u. What is the highest common factor of c and 1065?
213
Let k = 2888 + -2874. Calculate the highest common factor of k and 5026.
14
Let z = 1551 - 997. Suppose 412 = 51*r - 6728. Suppose n = -r + z. Calculate the highest common factor of n and 46.
46
Let j = -344 - -348. Suppose 0 = 5*z - 1607 + 267. Calculate the highest common factor of j and z.
4
Let j(p) = -p**3 - 2*p**2 + 284*p - 28. Let a be j(-18). Calculate the greatest common factor of a and 3597.
11
Suppose 0 = -3*f, 6*c = 5*f + 104 + 202. Let o(b) = 9*b**2 - 3*b - 6. Let s be o(5). What is the highest common factor of c and s?
51
Let t be ((-1)/(-16) - (-46170)/608)*1. Calculate the highest common divisor of t and 28804.
76
Let y be (2*3)/((-300)/(-500)). Suppose 0 = -y*x + 46 + 224. Let b(m) = m**2 + 36. Let r be b(0). Calculate the greatest common divisor of x and r.
9
Suppose -85 = -78*k + 73*k. Let b = 21 + k. Let h be -9*((-2)/12 - b/12). What is the highest common divisor of 330 and h?
30
Suppose 4*y - 8028 = 8*v - 9*v, 0 = -3*v - 4*y + 24068. What is the highest common divisor of 20 and v?
20
Let c = -3597 - -3599. Let m(a) = -a**2 - 7*a - 3. Let l be m(-4). What is the highest common factor of l and c?
1
Let b = 5 + 1. Suppose 0 = s + 2*s + b, -z + 4*s + 15 = 0. Suppose v + 5*f +